{"id":64,"date":"2020-08-12T16:18:45","date_gmt":"2020-08-12T14:18:45","guid":{"rendered":"https:\/\/www.pratiquesurbaines.fr\/?page_id=64"},"modified":"2020-08-13T15:44:38","modified_gmt":"2020-08-13T13:44:38","slug":"champs-dinterets","status":"publish","type":"page","link":"https:\/\/www.pratiquesurbaines.fr\/?page_id=64","title":{"rendered":"CHAMPS D\u2019INT\u00c9R\u00caTS"},"content":{"rendered":"\n<p>Les strat\u00e9gies de projets et m\u00e9thodologies adapt\u00e9es aux situations et \u00e0 leurs organisations.<\/p>\n\n\n\n<p>L\u2019expertise et le conseil en amont des projets.<\/p>\n\n\n\n<p>Les processus op\u00e9rationnels int\u00e9grant les enjeux environnementaux et \u00e9conomiques.<\/p>\n\n\n\n<p>Les transformations urbaines et architecturales en lien avec leur paysage.<\/p>\n\n\n\n<p>Les enjeux de la temporalit\u00e9 et la mise en \u0153uvre des projets.<\/p>\n","protected":false},"excerpt":{"rendered":"<p>Les strat\u00e9gies de projets et m\u00e9thodologies adapt\u00e9es aux situations et \u00e0 leurs organisations. L\u2019expertise et le conseil en amont des projets. Les processus op\u00e9rationnels int\u00e9grant les enjeux environnementaux et \u00e9conomiques. Les transformations urbaines et architecturales en lien avec leur paysage. Les enjeux de la temporalit\u00e9 et la mise en \u0153uvre des projets.<\/p>\n","protected":false},"author":1,"featured_media":76,"parent":0,"menu_order":0,"comment_status":"closed","ping_status":"closed","template":"","meta":{"footnotes":""},"class_list":["post-64","page","type-page","status-publish","has-post-thumbnail","hentry"],"jetpack_sharing_enabled":true,"_links":{"self":[{"href":"https:\/\/www.pratiquesurbaines.fr\/index.php?rest_route=\/wp\/v2\/pages\/64","targetHints":{"allow":["GET"]}}],"collection":[{"href":"https:\/\/www.pratiquesurbaines.fr\/index.php?rest_route=\/wp\/v2\/pages"}],"about":[{"href":"https:\/\/www.pratiquesurbaines.fr\/index.php?rest_route=\/wp\/v2\/types\/page"}],"author":[{"embeddable":true,"href":"https:\/\/www.pratiquesurbaines.fr\/index.php?rest_route=\/wp\/v2\/users\/1"}],"replies":[{"embeddable":true,"href":"https:\/\/www.pratiquesurbaines.fr\/index.php?rest_route=%2Fwp%2Fv2%2Fcomments&post=64"}],"version-history":[{"count":2,"href":"https:\/\/www.pratiquesurbaines.fr\/index.php?rest_route=\/wp\/v2\/pages\/64\/revisions"}],"predecessor-version":[{"id":203,"href":"https:\/\/www.pratiquesurbaines.fr\/index.php?rest_route=\/wp\/v2\/pages\/64\/revisions\/203"}],"wp:featuredmedia":[{"embeddable":true,"href":"https:\/\/www.pratiquesurbaines.fr\/index.php?rest_route=\/wp\/v2\/media\/76"}],"wp:attachment":[{"href":"https:\/\/www.pratiquesurbaines.fr\/index.php?rest_route=%2Fwp%2Fv2%2Fmedia&parent=64"}],"curies":[{"name":"wp","href":"https:\/\/api.w.org\/{rel}","templated":true}]}}

CHAMPS D’INTÉRÊTS

<p>Les stratégies de projets et méthodologies adaptées aux situations et à leurs organisations.</p>



<p>L’expertise et le conseil en amont des projets.</p>



<p>Les processus opérationnels intégrant les enjeux environnementaux et économiques.</p>



<p>Les transformations urbaines et architecturales en lien avec leur paysage.</p>



<p>Les enjeux de la temporalité et la mise en œuvre des projets.</p>

<p>Les stratégies de projets et méthodologies adaptées aux situations et à leurs organisations. L’expertise et le conseil en amont des projets. Les processus opérationnels intégrant les enjeux environnementaux et économiques. Les transformations urbaines et architecturales en lien avec leur paysage. Les enjeux de la temporalité et la mise en œuvre des projets.</p>
